{"id":298,"date":"2013-11-11T00:21:46","date_gmt":"2013-11-11T00:21:46","guid":{"rendered":"http:\/\/heidysandovalruiz.com\/?page_id=298"},"modified":"2013-11-11T21:31:27","modified_gmt":"2013-11-11T21:31:27","slug":"programa-infantil-los-amiguitos-de-heidy-2","status":"publish","type":"page","link":"https:\/\/heidysandovalruiz.com\/?page_id=298","title":{"rendered":"Los \u00abAmiguitos de Heidy\u00bb"},"content":{"rendered":"<p><img loading=\"lazy\" decoding=\"async\" class=\"aligncenter\" alt=\"\" src=\" http:\/\/4.bp.blogspot.com\/-ftlVZwpNTvY\/Uko9FVm0GRI\/AAAAAAAAEPY\/uwl9mC6HQZ0\/s1600\/LOGO2.jpg\" width=\"300\" height=\"300\" \/><\/p>\n<p style=\"text-align: justify;\"><span style=\"color: #008080;\">En la \u201c<strong>Cara amiga de nuestros invitados<\/strong>\u201d, presento a ustedes por celebrarse el \u201cD\u00eda del Ni\u00f1o\u201d, como surgi\u00f3 y cu\u00e1l fue la finalidad del programa \u201c<strong>Los amiguitos de Heidy<\/strong>\u201d, el cual se transmiti\u00f3 durante m\u00e1s de 3 a\u00f1os en Radio Mundial y que tuve la suerte de ser la productora y conductora.<\/span><\/p>\n<p style=\"text-align: justify;\"><span style=\"color: #008080;\">Corr\u00eda el a\u00f1o 1991 cuando don Sergio Lorenzana, Director de Radio Mundial en ese entonces, me habl\u00f3 para que me hiciera cargo del espacio infantil que se transmit\u00eda los s\u00e1bados de 8 a 9:30 hrs. Y fue precisamente el 16 de febrero de <\/span><span style=\"color: #008080;\">ese a\u00f1o que<img loading=\"lazy\" decoding=\"async\" class=\"alignleft\" style=\"color: #555555; font-style: normal; line-height: 20.796875px;\" alt=\"\" src=\" http:\/\/2.bp.blogspot.com\/-qsIFgmjwYSc\/Uko8FgXv4oI\/AAAAAAAAEOI\/BabSWr48KKA\/s1600\/Scan0001.jpg\" width=\"300\" height=\"300\" \/>\u00a0salimos al aire, inaugurando el programa el payasito mexicano \u201cCepill\u00edn\u201d.<\/span><\/p>\n<p style=\"text-align: justify;\"><span style=\"color: #008080;\">Se sugiri\u00f3 que el tema de entrada del programa ten\u00eda que ser uno no comercial por lo que se eligi\u00f3 un tema de la pel\u00edcula \u201cLa Carcachita M\u00e1gica\u201d Corre, corre, corre.<\/span><\/p>\n<p style=\"text-align: justify;\"><span style=\"color: #008080;\">Para tener esa comunicaci\u00f3n con la ni\u00f1ez que nos escuchaba, seleccion\u00e9 a los ni\u00f1os que estuvieron participando hasta que finaliz\u00f3 el programa, Anna Lizzet Abril Rodr\u00edguez de 7 a\u00f1os y Nancy Pineda Hern\u00e1ndez de 12, Alejandro de Dela Cerda de 12, pronto se integrar\u00edan m\u00e1s ni\u00f1os. El programa el cual se transmit\u00eda en directo nunca se pregrab\u00f3, pues ten\u00eda la convicci\u00f3n que se perd\u00eda esa magia de acercamiento con quienes cada semana se daban cita en el estudio.<\/span><\/p>\n<p><span style=\"color: #008080;\">UNICEF, conoci\u00f3 este programa y lo apoy\u00f3 proporcionando material para favorecer y reforzar este espacio radial. Luego de dos meses al aire, se dispuso entregar un n\u00famero a los asistentes pues el lugar algunas veces no era suficiente.<\/span><\/p>\n<p style=\"text-align: justify;\"><span style=\"color: #008080;\">\u201c<strong>Los amiguitos de Heidy<\/strong>\u201d surgi\u00f3 debido a la carencia de programas infantiles en ese entonces en nuestro pa\u00eds y tuvo como prop\u00f3sito no solamente divertirnos con la audiencia, tambi\u00e9n, ense\u00f1arles de la responsabilidad que se tiene a una corta edad, el medio ambiente, la educaci\u00f3n, el respeto a los mayores y en fin los temas que de alguna manera siempre han afectado nuestro entorno. Las secciones que se presentaban informativa, educativa y de entretenimiento.<\/span><\/p>\n<p><img loading=\"lazy\" decoding=\"async\" class=\"alignright\" alt=\"\" src=\"http:\/\/3.bp.blogspot.com\/-a8HftvnocCM\/Uko8GWmFIBI\/AAAAAAAAEOM\/UyfgjY1rYTY\/s1600\/Scan0002.jpg \" width=\"300\" height=\"300\" \/><\/p>\n<p style=\"text-align: justify;\"><span style=\"color: #008080;\">Varios artistas nacionales fueron presentados en el programa, sin embargo, Paco C\u00e1ceres y El Mago Ariel fueron los personajes que m\u00e1s participaron en la franja infantil.<\/span><\/p>\n<p style=\"text-align: justify;\"><span style=\"color: #008080;\">Se hizo una encuesta para conocer en donde se concentraba la mayor audiencia dando como resultado que el 75% resid\u00eda en la ciudad y el 25% en los departamentos hasta donde llegaba la se\u00f1al de la emisora, como Pet\u00e9n, Quich\u00e9, Sacatep\u00e9quez entre otros.<\/span><\/p>\n<p style=\"text-align: justify;\"><span style=\"color: #008080;\">Si alguien que estudie Ciencias de la Comunicaci\u00f3n est\u00e1 interesado, les invito a buscar en la Biblioteca de dicha sede de estudios, la Tesis titulada: El Programa Radiof\u00f3nico \u201cLos Amiguitos de Heidy\u201d y la participaci\u00f3n de la Poblaci\u00f3n Infantil.<\/span><\/p>\n","protected":false},"excerpt":{"rendered":"<div class=\"mh-excerpt\"><p>En la \u201cCara amiga de nuestros invitados\u201d, presento a ustedes por celebrarse el \u201cD\u00eda del Ni\u00f1o\u201d, como surgi\u00f3 y cu\u00e1l fue la finalidad del programa <a class=\"mh-excerpt-more\" href=\"https:\/\/heidysandovalruiz.com\/?page_id=298\" title=\"Los \u00abAmiguitos de Heidy\u00bb\">[&#8230;]<\/a><\/p>\n<\/div>","protected":false},"author":4,"featured_media":991,"parent":0,"menu_order":0,"comment_status":"open","ping_status":"closed","template":"","meta":{"footnotes":""},"class_list":["post-298","page","type-page","status-publish","has-post-thumbnail","hentry"],"_links":{"self":[{"href":"https:\/\/heidysandovalruiz.com\/index.php?rest_route=\/wp\/v2\/pages\/298","targetHints":{"allow":["GET"]}}],"collection":[{"href":"https:\/\/heidysandovalruiz.com\/index.php?rest_route=\/wp\/v2\/pages"}],"about":[{"href":"https:\/\/heidysandovalruiz.com\/index.php?rest_route=\/wp\/v2\/types\/page"}],"author":[{"embeddable":true,"href":"https:\/\/heidysandovalruiz.com\/index.php?rest_route=\/wp\/v2\/users\/4"}],"replies":[{"embeddable":true,"href":"https:\/\/heidysandovalruiz.com\/index.php?rest_route=%2Fwp%2Fv2%2Fcomments&post=298"}],"version-history":[{"count":3,"href":"https:\/\/heidysandovalruiz.com\/index.php?rest_route=\/wp\/v2\/pages\/298\/revisions"}],"predecessor-version":[{"id":334,"href":"https:\/\/heidysandovalruiz.com\/index.php?rest_route=\/wp\/v2\/pages\/298\/revisions\/334"}],"wp:featuredmedia":[{"embeddable":true,"href":"https:\/\/heidysandovalruiz.com\/index.php?rest_route=\/wp\/v2\/media\/991"}],"wp:attachment":[{"href":"https:\/\/heidysandovalruiz.com\/index.php?rest_route=%2Fwp%2Fv2%2Fmedia&parent=298"}],"curies":[{"name":"wp","href":"https:\/\/api.w.org\/{rel}","templated":true}]}}

<p><img loading="lazy" decoding="async" class="aligncenter" alt="" src=" http://4.bp.blogspot.com/-ftlVZwpNTvY/Uko9FVm0GRI/AAAAAAAAEPY/uwl9mC6HQZ0/s1600/LOGO2.jpg" width="300" height="300" /></p>
<p style="text-align: justify;"><span style="color: #008080;">En la “<strong>Cara amiga de nuestros invitados</strong>”, presento a ustedes por celebrarse el “Día del Niño”, como surgió y cuál fue la finalidad del programa “<strong>Los amiguitos de Heidy</strong>”, el cual se transmitió durante más de 3 años en Radio Mundial y que tuve la suerte de ser la productora y conductora.</span></p>
<p style="text-align: justify;"><span style="color: #008080;">Corría el año 1991 cuando don Sergio Lorenzana, Director de Radio Mundial en ese entonces, me habló para que me hiciera cargo del espacio infantil que se transmitía los sábados de 8 a 9:30 hrs. Y fue precisamente el 16 de febrero de </span><span style="color: #008080;">ese año que<img loading="lazy" decoding="async" class="alignleft" style="color: #555555; font-style: normal; line-height: 20.796875px;" alt="" src=" http://2.bp.blogspot.com/-qsIFgmjwYSc/Uko8FgXv4oI/AAAAAAAAEOI/BabSWr48KKA/s1600/Scan0001.jpg" width="300" height="300" /> salimos al aire, inaugurando el programa el payasito mexicano “Cepillín”.</span></p>
<p style="text-align: justify;"><span style="color: #008080;">Se sugirió que el tema de entrada del programa tenía que ser uno no comercial por lo que se eligió un tema de la película “La Carcachita Mágica” Corre, corre, corre.</span></p>
<p style="text-align: justify;"><span style="color: #008080;">Para tener esa comunicación con la niñez que nos escuchaba, seleccioné a los niños que estuvieron participando hasta que finalizó el programa, Anna Lizzet Abril Rodríguez de 7 años y Nancy Pineda Hernández de 12, Alejandro de Dela Cerda de 12, pronto se integrarían más niños. El programa el cual se transmitía en directo nunca se pregrabó, pues tenía la convicción que se perdía esa magia de acercamiento con quienes cada semana se daban cita en el estudio.</span></p>
<p><span style="color: #008080;">UNICEF, conoció este programa y lo apoyó proporcionando material para favorecer y reforzar este espacio radial. Luego de dos meses al aire, se dispuso entregar un número a los asistentes pues el lugar algunas veces no era suficiente.</span></p>
<p style="text-align: justify;"><span style="color: #008080;">“<strong>Los amiguitos de Heidy</strong>” surgió debido a la carencia de programas infantiles en ese entonces en nuestro país y tuvo como propósito no solamente divertirnos con la audiencia, también, enseñarles de la responsabilidad que se tiene a una corta edad, el medio ambiente, la educación, el respeto a los mayores y en fin los temas que de alguna manera siempre han afectado nuestro entorno. Las secciones que se presentaban informativa, educativa y de entretenimiento.</span></p>
<p><img loading="lazy" decoding="async" class="alignright" alt="" src="http://3.bp.blogspot.com/-a8HftvnocCM/Uko8GWmFIBI/AAAAAAAAEOM/UyfgjY1rYTY/s1600/Scan0002.jpg " width="300" height="300" /></p>
<p style="text-align: justify;"><span style="color: #008080;">Varios artistas nacionales fueron presentados en el programa, sin embargo, Paco Cáceres y El Mago Ariel fueron los personajes que más participaron en la franja infantil.</span></p>
<p style="text-align: justify;"><span style="color: #008080;">Se hizo una encuesta para conocer en donde se concentraba la mayor audiencia dando como resultado que el 75% residía en la ciudad y el 25% en los departamentos hasta donde llegaba la señal de la emisora, como Petén, Quiché, Sacatepéquez entre otros.</span></p>
<p style="text-align: justify;"><span style="color: #008080;">Si alguien que estudie Ciencias de la Comunicación está interesado, les invito a buscar en la Biblioteca de dicha sede de estudios, la Tesis titulada: El Programa Radiofónico “Los Amiguitos de Heidy” y la participación de la Población Infantil.</span></p>

<div class="mh-excerpt"><p>En la “Cara amiga de nuestros invitados”, presento a ustedes por celebrarse el “Día del Niño”, como surgió y cuál fue la finalidad del programa <a class="mh-excerpt-more" href="https://heidysandovalruiz.com/?page_id=298" title="Los «Amiguitos de Heidy»">[&#8230;]</a></p>
</div>
